 3*j = -10. Calculate t(o).
-7
Let g(o) = 0*o**2 + 119 + 24*o - 4*o**2 - 78 + 5*o**2. Determine g(-22).
-3
Let c(o) = -6 - 70*o - 2 + o**2 + 77*o. Let x = -86 + 116. Suppose y + 8 = w, 5*y - 3*w + 8*w = -x. Give c(y).
-8
Let s be (3 - -78)*1/3. Suppose -25*w + s = -22*w. Let z(n) = 2 + 0 - 3 - n + w. Determine z(6).
2
Suppose 24*z = 20*z + 8. Let i(x) = -x**3 - 12*x**z + 19*x**2 - 27 - 12*x + 8*x**2 + 2. Determine i(14).
3
Let g(o) = -37*o + 166*o - 33*o + 8 - 83*o - 28*o. Give g(1).
-7
Let b(u) = 542*u - 3. Let y be b(0). Let x(h) = h**3 + 5*h**2 + 5. What is x(y)?
23
Suppose -243 - 1983 = 6*f. Let u = f - -384. Let c(m) = m**3 - 13*m**2 - m + 14. Give c(u).
1
Let w(d) be the second derivative of -d**5/20 + d**4/3 - d**3/3 + d**2/2 - 148*d. Let u(q) = q**3 + 24*q**2 - 53*q - 23. Let f be u(-26). Determine w(f).
4
Suppose -4*s = s - 45. Let i(t) = -51*t - s + 45*t + 5. Calculate i(4).
-28
Let x be 15 - 58/2 - -5. Let j(v) = -14 - 4*v**2 - 5*v**2 - v**3 - 5*v + 3*v. Let t be j(x). Let q(b) = b - 8. Calculate q(t).
-4
Let r(v) = 12*v**2 - 3*v - 3. Let q(p) = -5*p**2 + p + 2. Let a(y) = 5*q(y) + 2*r(y). Let i be a(-3). Let j(w) = -w**2 + w + 2. Give j(i).
-4
Let x = 51 - 4. Let i = 53 - x. Let j(h) be the second derivative of h**5/20 - h**4/2 + h**3/6 - 5*h**2/2 + h. Determine j(i).
1
Let u(f) = -8*f - 58. Let l be 68/(-8) + (-35)/(-14) + -2. What is u(l)?
6
Let g be (-3*1)/((-1)/2). Let d(a) be the first derivative of 2*a**2 + 1/4*a**4 - 16 + 0*a - 7/3*a**3. Determine d(g).
-12
Suppose 0 = -h + 57 + 449. Let m = h - 497. Let w(d) = -d**2 + 10*d + 2. Determine w(m).
11
Let s(k) = k - 47. Let w(u) = -13. Let t(j) = 4*s(j) - 14*w(j). Let y be (-1*(-3 + 6))/(3/(-4)). What is t(y)?
10
Let o(q) = -q + 1. Let x(r) = -3*r - 2. Let i(f) = -o(f) + x(f). Let s = 12 + -9. Suppose -17 = s*w - 5*y, w = -0*w + 4*y - 8. Give i(w).
5
Let y(v) = -2*v**2 + 12*v - 25. Let x be y(6). Let c be (-220)/x + (-12)/15. Let q(s) be the third derivative of s**4/24 - s**3/6 + s**2. Determine q(c).
7
Let h(y) = y**3 + 9*y**2 - 2*y - 9. Suppose -27 = 3*c - 0*c. Let d be h(c). Let q(f) = 184*f**2 - 10*f + 4 + 9 - 183*f**2. What is q(d)?
4
Let z be 1/(-1) - (3 + -4)*1. Let g = z - 4. Let k(f) = -6*f - 1. Let n(y) = -6*y. Let s(q) = g*k(q) + 3*n(q). Give s(-3).
-14
Suppose -3*j + 3*o + 89 - 11 = 0, 4*o - 16 = -j. Suppose -j*i = -20*i. Let r(s) = -1 - s - s + i + 2. Determine r(-3).
7
Let r(a) be the first derivative of -a**3/3 - 13*a**2 - 152*a - 478. Give r(-17).
1
Let y(q) be the second derivative of -q**4/6 - q**3/3 - q - 7. Let a(d) = 2*d - 10. Let p be a(7). Let h(i) = -2*i**2 + 9*i - 6. Let u be h(p). What is y(u)?
-4
Let z(w) = -6 + 13 - 8 + 5*w**2 - 15*w**2. Suppose 8 - 20 = 2*c. Let s be (-1 - -3) + c/2. What is z(s)?
-11
Let d = 127 + -25. Let b = 107 - d. Let j(o) = o**3 - 7*o**2 + 3*o. Calculate j(b).
-35
Let q(i) = -7 - 331*i - 2*i**2 + 335*i - 6*i**2 + 4 - 3*i**2. Give q(3).
-90
Suppose -32 = -2*y - 3*b - 2*b, 2*y - 4*b + 4 = 0. Suppose -4*q + 43 = -5*v + y*v, -3*q = -2*v + 31. Let h = v + -23. Let p(u) = u + 9. What is p(h)?
9
Let d(w) be the first derivative of w**3 - 3*w**2 - 5*w + 2508. Give d(8).
139
Suppose -6*f = 4*c - 3*f - 48, 0 = -5*c + 4*f + 29. Let v be (42/24)/(((-36)/(-16))/c). Let r(o) = -o**2 + 5*o + 8. Give r(v).
-6
Suppose 68 = 180*s - 191*s - 86. Let p(i) = -i**2 - 17*i + 25. Determine p(s).
67
Let l(x) = 3*x - 1. Let z be 3/15 + (-264)/(-55). Suppose 5*o + 17 = b - 3*b, -o - z*b - 8 = 0. Give l(o).
-10
Let w be (-3)/(-3) + (1 - 0 - -1). Let g(r) = -11 + 5 - w + 4 + 3*r. What is g(-7)?
-26
Suppose 168*u - 213*u = -585. Let z(v) = -7*v + 7. Let j(d) = -6*d + 7. Let t(f) = -6*j(f) + 5*z(f). Give t(u).
6
Let l(m) = -m. Let f(k) be the first derivative of -k**3/3 - 9*k**2/2 + k + 13. Let x(h) = -f(h) + 4*l(h). Let z = -36 - -32. Calculate x(z).
-5
Let g = 1140 - 1137. Let z(c) = 2*c**3 - 5 - g*c**2 + 6 - 4*c**2 + 8*c + 3*c**3 - 4*c**3. Let u = -8 - -14. Give z(u).
13
Let a(r) = -2*r**2 - 69*r - 30. Let i be a(-34). Suppose -11*x + 10*x + 1 = -5*n, -x + 1 = -i*n. Let y(w) = 8*w**2 - 1. Determine y(x).
7
Suppose 57 = 5*s - 143. Let i(a) = -78*a + s*a + 36*a + 4. Give i(5).
-6
Let o(a) = -3*a**2 + 85*a + 55. Let q = -1434 + 1463. Calculate o(q).
-3
Let l(m) = -m - 10. Let g be l(-7). Let z(p) be the third derivative of -p**6/120 - p**5/30 + p**4/24 + 2*p**2. What is z(g)?
6
Let b(g) = -775 + g**3 - 16*g + 12*g**2 + g + 752. Suppose 16 = -2*o + 5*q, -6*o - 3*q = -5*o + 19. Let p be b(o). Let f(k) = 3*k - 4. What is f(p)?
5
Let s = 99 + -63. Let r be 12/s - (2 + 48/9). Let h(x) = 2*x**2 + 7*x - 21. Let v(n) = 3*n**2 + 10*n - 32. Let o(i) = 8*h(i) - 5*v(i). Determine o(r).
-1
Suppose 3*w + 4*n = w + 252, 2*n - 8 = 0. Suppose 3*z = -34 + w. Let s(k) = -7*k**2 - k**3 - 33 - 2*k + z - 3*k. What is s(-6)?
-11
Let x(r) = -r**2 - 6*r + 8. Let h = -578 + 606. Let f be ((-9)/2)/(0 + 14/h). Give x(f).
-19
Let l = -576 - -598. Let f(o) = -l - o**3 - 7 - 11 - 5*o**2 + 42. Calculate f(-3).
-16
Let t(i) = i + 6. Suppose 0 = 13*n + 7 - 46. Suppose a - n*a + 2*p = 0, 3*p = 0. Give t(a).
6
Let d(a) = a**3 - 9*a - 19. Let j(q) = q**3 + 8*q**2 - 20*q - 162. Let b be j(-8). What is d(b)?
-9
Let p be -3*(-3 + 1 + 1). Suppose -52*d - 30 = -58*d. Let i be (2 + -1 + 0)*(d - p). Let l(c) = c**3 - c**2 - 3*c + 2. Determine l(i).
0
Suppose 0 + 3 = o - j, 2*j = -5*o + 29. Let l(b) = 4 - b**3 + 6*b**2 + 0*b**2 - b**2 + b. What is l(o)?
9
Let f be (-2 - -1) + -2 + 8. Let t(y) be the first derivative of y**3/3 - 5*y**2/2 + y - 1935. Determine t(f).
1
Let h(m) = -7*m - 3. Let o(a) = -a**2 + 16*a + 7. Let k(z) = 7*h(z) + 3*o(z). Let f(s) = -13*s**2 - 2*s + 6. Let v(c) = f(c) - 4*k(c). Calculate v(0).
6
Let d(h) = -46512 + 93031 - 6*h - 46494. Determine d(6).
-11
Let k(u) = 447*u**2 - 234*u**2 + 5*u - 212*u**2 - 9. Calculate k(-7).
5
Let q(h) be the third derivative of 0*h + 13*h**2 + 0 - 1/3*h**3 + 1/3*h**4 + 1/60*h**5. What is q(-7)?
-9
Let z(t) be the second derivative of t**3/6 + 3*t**2/2 - 371*t. Suppose -l - 5*x - 16 = l, 0 = -3*l + x - 24. What is z(l)?
-5
Let o = 396721/120 + -3306. Let z(r) be the third derivative of o*r**6 + 1/12*r**5 - 29*r**2 + 0*r + 0 + 0*r**4 + r**3. What is z(-5)?
6
Let a(d) = -d**3 + 14*d**2 + 17*d - 9. Suppose -5*x = -l - 79, -x - 24*l + 29*l = -35. What is a(x)?
21
Let b(a) be the second derivative of a**5/20 - 7*a**4/12 + a**3 - a**2 - 10*a + 143. What is b(6)?
-2
Let b(y) = -y - 1. Let f(w) be the second derivative of w**3/6 + 5*w**2/2 - 25*w. Let m be f(-5). Suppose -5*z + m*t + 4*t + 45 = 0, 5*t = 2*z - 35. Give b(z).
-6
Let l be ((-4)/(-6) + 0)*(-120)/16. Let k be 2/(-2 + 2 + 3 + l). Let u(v) = v**2 - 1 - v - 7*v**2 + v**2. What is u(k)?
-5
Suppose -13*k - 145 + 171 = 0. Let p(f) = 7*f + 5*f + 5*f + 2 - f**k + f - 17*f. Give p(-2).
-4
Let l be (-11 + 11)*(-10 - -11 - (-2 - -2)). Suppose 0 = u + 2*i + 8, -1 + 5 = -i. Let t(q) = u*q + q - 3 - 6. Determine t(l).
-9
Let h(y) = -12*y - 3. Let l(g) = -7*g - 1. Let v(a) = -4*h(a) + 7*l(a). Suppose 0 = -11*m - 2*m - 78. Determine v(m).
11
Let m(i) = 117*i - 828. Let u be m(7). Let n(h) = -h**2 - 12*h - 17. Calculate n(u).
10
Let v = -17 + 28. Let l(c) be the first derivative of c**4/4 - 11*c**3/3 - c**2/2 - 2*c + 8066. Give l(v).
-13
Let l(a) = 15 - 21*a - 53*a + 4 + 71*a. Determine l(12).
-17
Let b be (-53 - -47) + (-4)/(2/(-2)). Let v(t) be the first derivative of 2/3*t**3 - 3/2*t**2 - 2*t + 13. What is v(b)?
12
Let f(t) = 196*t + 5. Let j(w) = -274*w - 8. Let m(r) = 7*f(r) + 5*j(r). Calculate m(1).
-3
Let r = 15216 - 15215. Let o(z) = 7*z**2 - 7*z + 7. Determine o(r).
7
Suppose 23*o = 26*o - 30. Suppose 2*n + 2 + o = 0. Let s(t) be the second derivative of t**3/3 + 7*t**2/2 - 6*t. What is s(n)?
-5
Let n(y) = 7*y + 5*y**2 + y**3 + 3 + 3*y**3 - 5*y**3. Suppose 3*c + 268 = 7*c. Suppose 32*b - 125 - c = 0. Determine n(b).
9
Let i(l) = -1. Let o(g) = 3*g - 27. Let k(r) = 4*i(r) - o(r). Let s = 136 - 126. Calculate k(s).
-7
Let i(l) = -l**3 - 4*l**2. Let f = -74 + 72. Let o be 1/(-2)*f*(1 + 1). Let k be 2*o/(1 - 5)*4. Determine i(k).
0
Let f = 146 + -126. Suppose -10*t - 40 = -f*t. Let h(v) = -3*v + 3. Calculate h(t).
-9
Let j(f) be the second derivative of -f**4/12 - 17*f**3/6 - 63*f**2/2 - 1784*f. Calcul